 of 1642761.
3, 17, 1193
What are the prime factors of 7637420?
2, 5, 7, 17, 3209
List the prime factors of 6410395.
5, 1282079
List the prime factors of 2776453.
31, 89563
What are the prime factors of 146222?
2, 113, 647
List the prime factors of 736361.
736361
List the prime factors of 1409649.
3, 61, 7703
What are the prime factors of 2624612?
2, 656153
What are the prime factors of 1489838?
2, 7, 106417
What are the prime factors of 21128660?
2, 5, 7, 150919
List the prime factors of 5179339.
11, 17, 27697
What are the prime factors of 6285873?
3, 11, 67, 2843
What are the prime factors of 1184422?
2, 19, 71, 439
What are the prime factors of 649803?
3, 7, 11, 29, 97
What are the prime factors of 8007175?
5, 11, 2647
List the prime factors of 8638.
2, 7, 617
What are the prime factors of 13980453?
3, 4660151
List the prime factors of 784005.
3, 5, 52267
List the prime factors of 330836.
2, 11, 73, 103
What are the prime factors of 851162?
2, 13, 19, 1723
List the prime factors of 1004121.
3, 31, 59, 61
List the prime factors of 2458426.
2, 1229213
List the prime factors of 20314500.
2, 3, 5, 29, 467
What are the prime factors of 2789958?
2, 3, 464993
What are the prime factors of 3544346?
2, 13, 23, 5927
What are the prime factors of 818437?
61, 13417
List the prime factors of 5149192.
2, 643649
What are the prime factors of 4403232?
2, 3, 15289
List the prime factors of 2944405.
5, 588881
What are the prime factors of 598275?
3, 5, 2659
List the prime factors of 136400.
2, 5, 11, 31
List the prime factors of 9363279.
3, 173, 18041
List the prime factors of 9271898.
2, 23, 353, 571
List the prime factors of 1000756.
2, 17, 14717
What are the prime factors of 22810854?
2, 3, 11, 31, 11149
List the prime factors of 27994654.
2, 13997327
What are the prime factors of 742941?
3, 82549
List the prime factors of 2910595.
5, 582119
What are the prime factors of 17357266?
2, 257, 33769
List the prime factors of 2277455.
5, 455491
What are the prime factors of 452295?
3, 5, 19, 23
What are the prime factors of 3182659?
3182659
What are the prime factors of 3306437?
19, 101, 1723
List the prime factors of 352167.
3, 117389
List the prime factors of 24531055.
5, 179, 27409
List the prime factors of 1247100.
2, 3, 5, 4157
What are the prime factors of 5635061?
617, 9133
What are the prime factors of 2236435?
5, 17, 83, 317
List the prime factors of 15491286.
2, 3, 83, 10369
List the prime factors of 459521.
459521
List the prime factors of 786300.
2, 3, 5, 2621
List the prime factors of 22427325.
3, 5, 263, 379
What are the prime factors of 420884?
2, 43, 2447
What are the prime factors of 868097?
83, 10459
What are the prime factors of 1257301?
599, 2099
What are the prime factors of 685513?
685513
What are the prime factors of 228823?
7, 97, 337
What are the prime factors of 1094233?
7, 156319
List the prime factors of 241625.
5, 1933
List the prime factors of 33875.
5, 271
What are the prime factors of 2833812?
2, 3, 19, 1381
List the prime factors of 691971.
3, 7, 83, 397
List the prime factors of 16616617.
16616617
List the prime factors of 6438134.
2, 3219067
List the prime factors of 190978.
2, 17, 41, 137
List the prime factors of 6174339.
3, 157, 13109
List the prime factors of 6815380.
2, 5, 11, 13, 2383
What are the prime factors of 135167?
17, 7951
What are the prime factors of 223371?
3, 8273
List the prime factors of 125581.
31, 4051
What are the prime factors of 1706135?
5, 341227
What are the prime factors of 41600?
2, 5, 13
List the prime factors of 31166.
2, 15583
List the prime factors of 26004.
2, 3, 11, 197
List the prime factors of 692961.
3, 101, 2287
What are the prime factors of 8015141?
8015141
List the prime factors of 1817542.
2, 908771
List the prime factors of 2209387.
419, 5273
What are the prime factors of 9277540?
2, 5, 307, 1511
List the prime factors of 970258.
2, 17, 28537
List the prime factors of 7550232.
2, 3, 41, 7673
List the prime factors of 6909275.
5, 276371
List the prime factors of 5238198.
2, 3, 7, 5939
List the prime factors of 1188171.
3, 132019
List the prime factors of 4678889.
29, 161341
List the prime factors of 2397562.
2, 131, 9151
What are the prime factors of 1234267?
47, 26261
What are the prime factors of 5772206?
2, 11, 59, 4447
List the prime factors of 154661.
13, 11897
What are the prime factors of 1663477?
1663477
What are the prime factors of 145670?
2, 5, 7, 2081
List the prime factors of 14049950.
2, 5, 487, 577
What are the prime factors of 378621?
3, 37, 379
What are the prime factors of 108204?
2, 3, 71, 127
What are the prime factors of 19096996?
2, 4774249
List the prime factors of 23207540.
2, 5, 29, 40013
What are the prime factors of 2930635?
5, 53, 11059
What are the prime factors of 2176412?
2, 7, 19, 4091
List the prime factors of 2781024.
2, 3, 59, 491
List the prime factors of 7303323.
3, 2434441
What are the prime factors of 3201023?
7, 65327
List the prime factors of 16996526.
2, 19, 313, 1429
What are the prime factors of 899098?
2, 449549
What are the prime factors of 315649?
83, 3803
What are the prime factors of 27531?
3, 7, 19, 23
List the prime factors of 713293.
7, 14557
What are the prime factors of 1145301?
3, 19, 71, 283
What are the prime factors of 220557?
3, 37, 1987
What are the prime factors of 306720?
2, 3, 5, 71
List the prime factors of 4564096.
2, 181, 197
List the prime factors of 2113714.
2, 41, 149, 173
List the prime factors of 539324.
2, 73, 1847
What are the prime factors of 1170443?
1170443
What are the prime factors of 532987?
7, 13, 5857
List the prime factors of 263552.
2, 29, 71
What are the prime factors of 2556469?
19, 197, 683
List the prime factors of 299601.
3, 33289
What are the prime factors of 695076?
2, 3, 57923
What are the prime factors of 5185085?
5, 17, 61001
What are the prime factors of 176294?
2, 181, 487
What are the prime factors of 2823584?
2, 88237
List the prime factors of 10976900.
2, 5, 11, 17, 587
List the prime factors of 413687.
19, 21773
List the prime factors of 172625.
5, 1381
List the prime factors of 1606129.
7, 199, 1153
What are the prime factors of 39507694?
2, 17, 1161991
What are the prime factors of 3739839?
3, 43, 53, 547
List the prime factors of 717870.
2, 3, 5, 23929
What are the prime factors of 929858?
2, 151, 3079
List the prime factors of 10191805.
5, 13, 156797
What are the prime factors of 1591103?
1591103
List the prime factors of 187950.
2, 3, 5, 7, 179
What are the prime factors of 61414?
2, 30707
List the prime factors of 878687.
53, 59, 281
What are the prime factors of 19534213?
61, 431, 743
List the prime factors of 1876507.
1876507
List the prime factors of 8800057.
7, 179593
List the prime factors of 205060.
2, 5, 10253
What are the prime factors of 190417?
17, 23, 487
List the prime factors of 494519.
494519
List the prime factors of 247043.
23, 467
List the prime factors of 425636.
2, 97, 1097
What are the prime factors of 7830253?
1151, 6803
List the prime factors of 7177938.
2, 3, 1196323
List the prime factors of 478443.
3, 7, 22783
List the prime factors of 157547.
13, 12119
List the prime factors of 1985317.
1985317
List the prime factors of 5674916.
2, 13, 109133
List the prime factors of 706445.
5, 23, 6143
List the prime factors of 273050.
2, 5, 43, 127
What are the prime factors of 726723?
3, 80747
List the prime factors of 26588523.
3, 13, 103, 6619
List the prime factors of 1998711.
3, 11, 13, 1553
What are the prime factors of 10304667?
3, 23, 67, 743
List the prime factors of 1625398.
2, 812699
What are the prime factors of 77366?
2, 101, 383
What are the prime factors of 1448695?
5, 29, 97, 103
What are the prime factors of 712719?
3, 7, 419
What are the prime factors of 242380?
2, 5, 12119
What are the prime factors of 387585?
3, 5, 11, 29
What are the prime factors of 464728?
2, 11, 5281
List the prime factors of 10150071.
3, 17, 199021
List the prime factors of 3404749.
1061, 3209
What are the prime factors of 211739?
11, 19249
What are the prime factors of 23339887?
593, 39359
What are the prime factors of 3435807?
3, 1145269
List the prime factors of 460780.
2, 5, 23039
What are the prime factors of 118411?
118411
List the prime factors of 567220.
2, 5, 79, 35